- -12)).
6
What is the value of 383 + -430 - (-1 + 17)?
-63
What is the value of (-112 - -2) + -33 + (95 - (58 + -16))?
-90
Evaluate 8 - -21 - (-9 + 21 - -100).
-83
What is the value of -92 + (-61 - (-69 + -44))?
-40
Evaluate -61 - (62 - (8 - -64)).
-51
(-22 - 98) + 41 + 76
-3
Evaluate 26 + -38 + 0 + 117 - (7 + 1).
97
What is (-23 - -5) + -8 + 49?
23
-151 - (-155 + -32 - -164)
-128
What is (-1 + 4 - 9) + 51 + -10 + 14?
49
Calculate (-53 + 29 - (2 - 35)) + -2 + -40.
-33
-2 + (36 - 43) + 24 + -68 + 0
-53
What is 27 + (-7 - (98 + -23 + -17))?
-38
Evaluate (-28 + 14 + 52 + -12 - -4) + -16.
14
Calculate -30 - -1 - (258 + (-206 - 15)).
-66
What is the value of (-74 - 3) + ((8 - -10) + -33 - -33)?
-59
Evaluate 7 + (-5 - (2 + -6) - (11 - -23)).
-28
What is -12 + (14 - (-6 + 5) - (14 - -34))?
-45
Evaluate 8 + -6 + -71 - (1 + -5 + (-257 - -254)).
-62
What is the value of 495 + -484 - (-44 - (-1 + 2 - 7))?
49
Calculate 7 + (29 - 12) - (3 + -5 + 14) - -70.
82
What is -31 + (59 - 1 - 21 - 17)?
-11
2 - (11 - (-1 - (-75 + 13 + 6)))
46
What is the value of -10 + 31 - (31 + -30)?
20
What is the value of (-19 - -11 - -25) + -29?
-12
What is the value of -33 + 4 + -3 - (-4 - (-7 + 6))?
-29
-39 - (23 + -7 - 8)
-47
What is the value of 74 - (0 - -2) - ((27 - -6) + -129 + 88)?
80
Calculate 6 + 3 + (-4 - -2) - (-50208 + 50208).
7
Evaluate 25 + -32 + (93 - (9 - 16)) - 4.
89
What is the value of 15 - ((3 - -6) + -12 + 13 - 16)?
21
Calculate (1 - -3 - -10) + (-22 - 16 - -30).
6
What is the value of 0 + -153 - (-48 - (-38 + -3 + 4))?
-142
What is (6 - 12) + ((-132 - (6 - 6)) + 9 - -6)?
-123
Calculate 10 - (-2408 + 2512 - (0 - -44)).
-50
-11 + -7 + 13 + -35 + 27
-13
Calculate -163 + 240 - (2 - -46).
29
Calculate (10 - 16) + 8 + -6 + 5 + (-5 - -2).
-2
What is (-15 - -8) + (-2 + 2 - -3) + -9?
-13
Evaluate -11 + 1 + 78 + (-4 - (12 + -14 + 8)).
58
Evaluate 38 + (99 - 224) + 38.
-49
What is the value of -23 - -32 - (-67 - (-2 - -8 - -3) - 5)?
90
31 - (-1 + (1 - -49))
-18
9 + -4 - (-197 + 129) - 28
45
What is the value of (-3 - (2 - 35)) + 144 + -178 + 41?
37
Calculate (13 - (-138 - -13)) + -22 + (4 - -3).
123
0 - 26 - 0 - (35 + (9 - (10 + 25)))
-35
What is 42 - (18 + (1 - 6) - 10 - -4)?
35
What is -1 + 55 - (-53 - (84 - 166))?
25
27 + 1 - (-10 + 10 + 9)
19
(161 + -195 - (-9 - (0 - 0))) + (4 - 1)
-22
What is the value of -23 + (2 + -8 - (-125 - -79))?
17
Evaluate (3 + -5 - -130 - (-77 - -55 - -36)) + -3.
111
What is the value of 64 - (45 - -23) - (2 + -49)?
43
What is the value of (39 - (-97 - -37)) + 17 + -13?
103
What is the value of (-66 - -76) + (-5 - -6 - (-40 - 6)) + -4?
53
Calculate 9 + (7 + -7 - 8) + -9 + 16 + 57.
65
Calculate (0 - (-11 - -32)) + 24 + 16.
19
Calculate 46 + (-153 - (49 + -45 + 1)).
-112
Calculate (83 - -44) + -138 - ((-1 + -2 - -4) + -130).
118
What is (1 - 2 - -9) + -83 + 88 + -17 + 34?
30
What is the value of 73 - (-34 + 29) - 16 - -25?
87
What is -3 + 6 + 2 - -4 - (-24 + 4)?
29
Calculate 0 - -7 - (-72 - (-52 - 62)).
-35
What is the value of -176 + (195 - 22) + (17 - -2)?
16
Evaluate 74 + -2 + (67 - 56 - 35).
48
What is (-16 - (-18 - 8)) + -10 + -1 + -21?
-22
6 - 1 - 1 - (-11 - (-41 - -73))
47
Evaluate -7 - (-5 - 2) - (-3 + 9 - -3 - 27).
18
What is 1 + -9 - (18 + -78 + 21 - -21)?
10
What is 47 - (3 + -7 + (5 + -6 - -18) + -4)?
38
-43 - (-27 + -3) - 3
-16
What is 6 + 5 + -23 - -25 - 13?
0
What is the value of (57 - (40 + 28)) + 1 + 6 + (-4 - -1)?
-7
What is the value of -135 + (-20 - -76) + 34?
-45
What is -4 - -5 - (37 + (-33 - 43) + 29)?
11
Calculate -60 + 27 + 18 + -6.
-21
Calculate -3 + (0 - 5) + 2 + (-9 - (-64 - 8)).
57
What is the value of 23 - (-56 + 39 + 40)?
0
Calculate (4 - -125) + (-20 + 35 - 5) + (-2 - 10).
127
What is 33 + (-7 - -18) + -11 + 0 - -4 - -3?
40
What is the value of -35 + 35 + 34 + -34 + 46?
46
Evaluate -6 - (26 + 8) - (-50 + 63).
-53
What is 1 + 14 + (-149 - -76 - -71)?
13
What is the value of 66 + -263 + 129 + 15?
-53
Evaluate 145 + -114 + 141 + -117.
55
Evaluate (44 - 79) + -14 + 122.
73
Evaluate 0 + 3 + 1 + (3296 - 3279).
21
8 + 2 + (-14 - -15 - 12 - (20 + -31))
10
What is the value of (-21 - ((-3 - -7) + -9)) + 11 + -4 + 24?
15
Evaluate 373 - 304 - ((-2 - 4) + 14 + -6).
67
What is 118 + (140 - (-7 + 132))?
133
37 + 45 + -17 + -23 - (-1 + -5)
48
What is 43 + (-60 - -81) + -17?
47
What is the value of -27 + -25 + (-116 - -153)?
-15
What is the value of 12 + -26 + 2 + (4 - 3) - -6 - 86?
-91
Calculate -33 + (36 - -1) + 19.
23
Calculate 50 + (-40 - (55 + -151)).
106
-10 + 11 + -8 + 1 + -5 + -15 - 5
-31
Evaluate -53 + 5 + (4 - -13 - 11) + -18.
-60
Evaluate (380 + -405 - (-38 - -1)) + (-2 - 1).
9
Evaluate 133 + -18 + -212 - 30.
-127
-290 + 48 + 95 - -89
-58
-52 + 15 + -24 - (10 - 28) - (9 - 1)
-51
Evaluate -14 - (-55 + -11) - 39.
13
Evaluate 9 - (12 - 1 - (-1 - (4 + -24))).
17
What is 47 + (0 + -41 - -10)?
16
What is the value of -31 + -47 + (48 - -31)?
1
Evaluate (-15 - (-29 + (-32 - -19))) + 0.
27
Calculate (22 - -18) + (-8 - 21) - 8.
3
Calculate 1 - (76 + -3 + -133).
61
What is (-44 - (39 - 105)) + 0?
22
Evaluate 314 + -317 - (70 - 2) - (1 + -2 - 7).
-63
(-30 - (-48 - -14) - 11) + 45
38
What is -33 + 21 + -3 + (-138 - -118)?
-35
(89 - 42) + 16 + -20
43
Calculate -120 - (93 + -336) - 111.
12
Calculate -18 - ((-10 - ((-18 - 7) + 13)) + -7).
-13
-1680 + 1644 + 24 + 3 + 4
-5
What is 2992 - 2978 - (-1 - 35)?
50
-77 + (-1 - 27 - (-519 + 463))
-49
What is the value of -1 - -59 - (129 - (180 + -85))?
24
-3 - (-5 + 4) - 6 - (130 + -57 - 207)
126
Calculate 21 + (-38 + -27 - -60).
16
What is the value of (20 + -27 - 9 - -24) + 27?
35
-124 + (-136 - -270) - (-1 - ((-3 - 0) + 13))
21
Calculate 20 - 54 - -16 - -26.
8
Evaluate (-91 - -21 - -26) + (10 - -4).
-30
54 + 3 + -2 + (-1 - (-20 + 16 - -11))
47
What is 69 + (26 - 85) - (2 + 13 + -1) - 70?
-74
Evaluate (2 + -3 - -13) + 65 + -72 - -14.
19
Evaluate -53 - (-6 - (18 - -10)) - (-14 + 2).
-7
Calculate -96 + (-59 - -108) - -119.
72
Calculate -11 - (3 - (-90 + 39) - -28).
-93
Evaluate 59 + -5 + (-9 - 0 - (-232 + 207)).
70
Evaluate (16 - (6 - 30)) + -96.
-56
What is -7 - (57 - (0 - 1) - (5065 - 5080))?
-80
Calculate -140 + (-48 - -22) - -111.
-55
What is the value of 51 - ((4 - -9 - (19 + -14)) + -2)?
45
Calculate (-191 - -243) + -3 + 1 + -8 + (-2 - -4).
44
Calculate (149 - 146 - -25) + -1 + -138.
-111
Calculate 96 + -7 + (18 - 74).
33
Evaluate 47 + (-16 - (4 - -7)) - 7 - (2 + 27).
-16
Evaluate ((33 - 14 - 40) + 16 - -9) + -31.
-27
Calculate 881 + -873 - (0 + 7 - (7 - 6)) - -9.
11
Calculate -25 + ((-9 - -1 - -2) + -6 - -6) + 8.
-23
Evaluate 51 + -95 + 43 - 48.
-49
What is the value of 103 - ((2 - -1) + 6 - (77 + 63 + -142))?
92
What is 2 + -24 + (160 - 133)?
5
What is -20 + 42 + -1 + -19 + 2?
4
3 - 7 - (34 - (28 + 10))
0
What is 14 + -30 - -10 - (-78 - -78)?
-6
(1 - (-1 + 36)) + 0 - (119 + -9 - 110)
-34
Evaluate -74 - (-72 + (-20 - -82)).
-64
29 - -1 - (-4677 + 4630)
77
Calculate (-2 - (2 - 1)) + -68 + 91 + -30.
-10
Calculate -30 + ((92 - 28) + -36 - 1).
-3
What is (1 - -3) + (-84 - (-26 + 56) - -47)?
-63
What is 22 + 1 - ((4263 - 4250) + (-60 - -1))?
69
What is 60 + -12 - (11 + -27 - (8 + -20))?
52
What is 81 + -2 + -59 + 55 + (10 - -4)?
89
Evaluate -94 - (3 + -40 + 36) - 12.
-105
2 + -2 + 10 + -18 + 11 + (-26 - 1)
-24
What is 5 + 56 - (88 - 37 - 17)?
27
What is 99 + -45 + -115 + 4?
-57
Calculate 59 - (79 + -39 - 20).
39
Evaluate 1 - -8 - (-312 - -328) - 35.
-42
What is the value of 56 - (0 - (-20 - 24))?
12
What is the value of (-1 + -29 - (-940 - -1090)) + 32?
-148
(-28 + 32 - (-3 + 9)) + -14 + -2
-18
What is (0 - (5 + 56 + 0)) + 10 + -12 + 0?
-63
-132 + 61 - -77 - 74
-68
What is (-6 - -115) + (-13 - -20) + -25?
91
What is -47 + ((-12 - -19) + -7 + 12 - (0 + 22))?
-57
What is -12 + 8 + -10 - (-139 + 221)?
-96
Calculate (76 - (49 - (8 - 29))) + -1 + (-1 - -83).
87
What is 58 - (183 - (17 - -69))?
-39
Evaluate 8 - 17 - 40 - 3 - 4.
-56
32 - ((1 - -6) + -16)
41
Evaluate 7 - -20 - 32 - ((-36 - (1 - 5)) + 0).
27
Calculate (-40 - -4 - -5) + (-15 - -12) + 0 + -9.
-43
14 - ((-7 - 12) + 3 + -14)
44
What is -4 - (-8 + -1) - (1 + -14 + -4 + 7)?
15
Evaluate (-51 + 31 - -48) + -27.
1
Evaluate -66 - ((-48 - -15) + -3 + 44).
-74
What is 57 - (-46 - (-31 + -71))?
1
108 - (-33 + -9) - 59
91
17 + 13 + (-1